 hundred thousands digit of 2319383?
3
What is the ten thousands digit of 447644?
4
What is the tens digit of 127431?
3
What is the hundred thousands digit of 1713319?
7
What is the ten thousands digit of 1827909?
2
What is the ten thousands digit of 449993?
4
What is the units digit of 50914?
4
What is the tens digit of 948751?
5
What is the tens digit of 94685?
8
What is the tens digit of 15368302?
0
What is the hundred thousands digit of 3286091?
2
What is the thousands digit of 2846650?
6
What is the hundred thousands digit of 4922252?
9
What is the hundred thousands digit of 1852244?
8
What is the ten thousands digit of 293381?
9
What is the hundred thousands digit of 102001?
1
What is the millions digit of 3498410?
3
What is the thousands digit of 245706?
5
What is the ten thousands digit of 92588?
9
What is the hundred thousands digit of 1362168?
3
What is the millions digit of 2436194?
2
What is the ten thousands digit of 270648?
7
What is the units digit of 1832714?
4
What is the ten millions digit of 21943984?
2
What is the hundred thousands digit of 956571?
9
What is the tens digit of 6122543?
4
What is the hundreds digit of 592754?
7
What is the tens digit of 37227?
2
What is the millions digit of 10569827?
0
What is the ten thousands digit of 2848821?
4
What is the ten millions digit of 11166624?
1
What is the hundreds digit of 157369?
3
What is the thousands digit of 1224444?
4
What is the tens digit of 670359?
5
What is the ten thousands digit of 9140743?
4
What is the ten thousands digit of 2289974?
8
What is the hundred thousands digit of 23742237?
7
What is the hundreds digit of 176949?
9
What is the tens digit of 973966?
6
What is the ten thousands digit of 31726763?
2
What is the ten thousands digit of 960697?
6
What is the units digit of 35140?
0
What is the hundreds digit of 10396032?
0
What is the ten thousands digit of 171230?
7
What is the hundred thousands digit of 16799175?
7
What is the ten thousands digit of 6176981?
7
What is the ten thousands digit of 1665261?
6
What is the hundred thousands digit of 908113?
9
What is the hundreds digit of 18110837?
8
What is the tens digit of 378273?
7
What is the thousands digit of 633853?
3
What is the hundred thousands digit of 642803?
6
What is the thousands digit of 1379042?
9
What is the hundreds digit of 317071?
0
What is the units digit of 3874039?
9
What is the hundreds digit of 572490?
4
What is the tens digit of 201897?
9
What is the units digit of 3899410?
0
What is the tens digit of 649502?
0
What is the hundred thousands digit of 1631948?
6
What is the tens digit of 1251796?
9
What is the hundred thousands digit of 7096196?
0
What is the hundred thousands digit of 176385?
1
What is the ten thousands digit of 5221535?
2
What is the millions digit of 1430508?
1
What is the hundred thousands digit of 2538700?
5
What is the ten thousands digit of 485915?
8
What is the ten thousands digit of 21502103?
0
What is the hundred thousands digit of 14811569?
8
What is the ten thousands digit of 107794?
0
What is the units digit of 54651?
1
What is the tens digit of 231371?
7
What is the tens digit of 15411501?
0
What is the ten thousands digit of 165597?
6
What is the tens digit of 1392126?
2
What is the hundred thousands digit of 515092?
5
What is the units digit of 3497133?
3
What is the ten thousands digit of 1464215?
6
What is the units digit of 496886?
6
What is the units digit of 9788942?
2
What is the tens digit of 6366246?
4
What is the millions digit of 7006240?
7
What is the thousands digit of 125249?
5
What is the units digit of 1030295?
5
What is the tens digit of 561764?
6
What is the units digit of 406351?
1
What is the ten thousands digit of 481270?
8
What is the millions digit of 4295039?
4
What is the hundred thousands digit of 226978?
2
What is the thousands digit of 317728?
7
What is the units digit of 515085?
5
What is the hundred thousands digit of 1461619?
4
What is the ten thousands digit of 22616700?
1
What is the units digit of 2677015?
5
What is the units digit of 292988?
8
What is the thousands digit of 401164?
1
What is the units digit of 1974848?
8
What is the hundred thousands digit of 35979464?
9
What is the hundreds digit of 914486?
4
What is the units digit of 198595?
5
What is the thousands digit of 674489?
4
What is the tens digit of 746305?
0
What is the thousands digit of 705766?
5
What is the units digit of 94142?
2
What is the millions digit of 3163523?
3
What is the tens digit of 3913001?
0
What is the hundred thousands digit of 1550168?
5
What is the thousands digit of 418867?
8
What is the millions digit of 2522546?
2
What is the hundred thousands digit of 161965?
1
